 Let b(f) = f**3 - 6*f**2 + 5*f + 3. Let p be b(5). Let a be l(p). What is the greatest common divisor of 5 and a?
5
Suppose 9*w - 12*w = -78. What is the greatest common factor of 39 and w?
13
Suppose 4*g = 2*d - 3 - 3, -5*d + 24 = -g. Let s = 2 - d. Let b = s + 22. What is the greatest common divisor of 152 and b?
19
Let z(k) = k**3 - 6*k**2 - 8*k + 8. Suppose 10 = -4*j + 42. Let p be z(j). Suppose 3*q = 7*q - p. What is the highest common divisor of q and 126?
18
Suppose -7*b + 69 = -71. What is the greatest common divisor of b and 4?
4
Let i(y) = 15*y**3 - y**2 - y + 1. Suppose -4*n + 14 = 6. Let s be i(n). What is the highest common divisor of 46 and s?
23
Suppose 2*p - 2048 = -6*p. What is the highest common divisor of 32 and p?
32
Suppose -5*d + 10 = 0, -4*k + 143 - 37 = d. Let p = k - 4. What is the greatest common divisor of p and 11?
11
Let s be (-3)/(-6) + 14/4. Suppose 3*i = -j + 10 + 218, s*j - 976 = 4*i. Calculate the highest common divisor of 30 and j.
30
Suppose -2 = -5*t + 3. Let k be (6/5)/(t/5). Let l = 13 + 17. Calculate the greatest common factor of l and k.
6
Let z be 586/5 - 1/5. Calculate the greatest common factor of z and 9.
9
Suppose j = 0, -2*g + 5*g - 3*j = -63. Let r = 34 + g. Calculate the greatest common factor of r and 39.
13
Let s be (-20)/(17/6 + -3). Let g = 24 + 0. Calculate the greatest common divisor of s and g.
24
Let j be 3/1 - -12 - 2. Suppose 3*p + 2*y - 10 = y, -j = -3*p - 4*y. What is the greatest common divisor of 6 and p?
3
Let t be (1/3)/(1/93). Suppose 3*i - t = 26. Suppose 532 = a + 3*a - r, 0 = -a + 2*r + 133. Calculate the highest common divisor of i and a.
19
Suppose -17*k + 341 = -67. Calculate the highest common divisor of k and 24.
24
Let r(w) = -6*w + 6*w**2 - w**2 - 2 - 3*w**2 + w. Let a be r(4). Calculate the highest common divisor of 20 and a.
10
Let l be ((-45)/12)/(2/(-16)). Let q = l - 20. Suppose 0 = o + 3*o - 120. Calculate the greatest common divisor of o and q.
10
Let m be (-4)/(1/((-15)/10)). What is the greatest common factor of m and 42?
6
Suppose 0 = 2*n - 29 - 19. What is the highest common divisor of 6 and n?
6
Let z(l) = -l**3 - 2*l**2 + 11*l - 13. Let g be z(-6). Let m = 33 + -20. What is the greatest common divisor of m and g?
13
Suppose 2*p + 2*m = -4, -m = m - 2. Let j be 3*((-5)/p - 1). Suppose -3*n + 46 = n - j*d, -3*n + d + 36 = 0. What is the greatest common divisor of 117 and n?
13
Let i(t) = t**2 + 2*t - 2. Let z be i(-4). Calculate the greatest common factor of 18 and z.
6
Suppose 2*u + 10 = -4*x, -2*x - x - 12 = 0. What is the highest common divisor of 15 and u?
3
Let x = 24 + -11. Suppose -2*z + 8 = 2*z. Suppose 0 = z*v - 16 - 88. What is the highest common divisor of v and x?
13
Let s be (-5 - -2)/(6/(-8)). Suppose -39 = -s*z + 49. What is the greatest common factor of 198 and z?
22
Suppose y = -4*n + 94, 3*y + 2*y = -10. Suppose 4 = 7*s - 6*s. What is the greatest common divisor of s and n?
4
Suppose g - 3*c = 99, -4*g + 216 = -2*g + 3*c. Calculate the highest common divisor of g and 15.
15
Suppose -h + 41 = 14. Let j = 45 - h. Calculate the highest common divisor of 9 and j.
9
Suppose 3*y - 1 = -4*w + 1, 0 = 3*w + 12. Suppose -4*l + 36 = -l. Calculate the greatest common factor of l and y.
6
Suppose 4*q + w = 77, -3*q = -0*w + 2*w - 64. Calculate the greatest common factor of 72 and q.
18
Suppose 4*b + 26 + 84 = 2*o, -4*o - b = -256. What is the greatest common factor of 9 and o?
9
Suppose -3 = -b + 1. Suppose -9 = -b*g + 11. Calculate the greatest common factor of 2 and g.
1
Let n = -16 + 18. Suppose c + 2*c = 33. Suppose -v = 4*l - 64 + c, -2*v - n = -l. Calculate the greatest common factor of l and 3.
3
Let c(z) = 2*z**2 + 3*z - 4. Let v be c(-3). Let o(d) = 3*d + 7. Let u be o(v). Calculate the highest common divisor of 11 and u.
11
Suppose 5*q = 60 - 15. Calculate the highest common factor of q and 36.
9
Suppose 2*a - 3*r = 393, -3*r = 5*a - 803 - 190. Calculate the greatest common divisor of a and 22.
22
Let l(g) = 7*g**2 - 1. Suppose -3*i + q - 3 = -2*q, -2*i - 2 = 5*q. Let r be l(i). What is the greatest common divisor of 3 and r?
3
Let j = 59 - 38. What is the greatest common divisor of j and 21?
21
Let y be (14/4)/((-2)/(-48)). Let g be 1915/25 + (-2)/(-5). Let v be 458/22 - (-14)/g. What is the greatest common factor of y and v?
21
Suppose -10 = -p - 0*p. What is the highest common divisor of 40 and p?
10
Suppose 0 = -5*f + 2*s + 35, 2*f + 2 = 4*s + 32. Calculate the greatest common divisor of f and 15.
5
Suppose 0*m - 2*m = -14. Suppose -m*p = -2*p - 15. What is the highest common divisor of p and 12?
3
Suppose 5*t + 4*q = 45 + 23, -3*t - q = -38. What is the greatest common factor of 132 and t?
12
Let a = 58 - -8. What is the highest common divisor of 22 and a?
22
Let n = 261 - 186. Calculate the highest common factor of 15 and n.
15
Let o(b) = b**2 - 6*b + 2. Let y be o(3). Let q = y + 11. Suppose 3*d + 13 = 4*z, 5*z - 17 = 4*d - d. What is the greatest common factor of q and z?
4
Let c be (60/(-36))/((-2)/6). Let o be (-2*c)/(7/(-28)). Calculate the highest common factor of 10 and o.
10
Let h = 81 + -79. What is the greatest common factor of 3 and h?
1
Let a(l) be the second derivative of 11*l**4/4 + l**3/6 - l**2/2 + 3*l. Let z be a(1). Suppose -z = -2*c - c. Calculate the highest common divisor of c and 55.
11
Let v(a) = -a**2 + 3*a. Let g be v(3). Suppose g = -3*u + 3 + 9. Suppose -2*y + 0 + 8 = 0, -5*y + u = -4*l. Calculate the greatest common divisor of 2 and l.
2
Suppose -2*p + 0 = -4, 0 = -5*y + 3*p + 134. What is the highest common divisor of y and 20?
4
Let m be (-3*6/9)/(4/(-150)). What is the highest common factor of 15 and m?
15
Let x(w) = w + 56. Let l be x(16). Calculate the greatest common factor of l and 48.
24
Let d be ((-1 - -2)*-1)/(-1). Let l be -5*d - 2/(-1). Let w be 26/6 + (-2)/l. Calculate the highest common divisor of 40 and w.
5
Suppose -4*m - 2*w + 10 = -m, 4*m - 4*w = 40. What is the greatest common divisor of 24 and m?
6
Let z be -2 + 2 + (-14)/(-2). Let d = 24 - 17. What is the highest common divisor of d and z?
7
Let s be (4/(-6))/(3/(-1710)). Suppose -3*n + 49 = -s. What is the highest common divisor of n and 13?
13
Let o be 15 + 0 + (-2)/(-2). Calculate the highest common factor of o and 4.
4
Suppose 0 = -50*f + 46*f + 104. Calculate the greatest common factor of f and 117.
13
Suppose -d - 23 + 32 = 0. Calculate the greatest common divisor of d and 63.
9
Suppose -2*n + 477 = 5*m, -7 + 293 = 3*m + n. What is the greatest common factor of 19 and m?
19
Let v = -5 + 8. Suppose -12 = -v*d - r, -d - 5*r - 5 + 23 = 0. Let b be -7*(-2 - -3)*-3. Calculate the highest common divisor of b and d.
3
Let p be (-1 + 2)/((-11)/(-66)). What is the greatest common divisor of 12 and p?
6
Suppose y + y - 8 = 0. Suppose -y*h - 68 = -2*p, 0 = p - h + 4 - 36. Let k(s) = 12*s**2 + s - 1. Let w be k(1). Calculate the highest common factor of w and p.
6
Let n(s) = s + 3. Let r be n(12). Calculate the greatest common divisor of 120 and r.
15
Suppose -i - 2*o = -18, -i + 2*o + 30 = -0*o. What is the highest common divisor of 12 and i?
12
Suppose 2*k + 2*w + 21 - 3 = 0, 5*k - 4*w = -9. Let g be 390/25 + (-2)/k. Calculate the highest common divisor of g and 176.
16
Let v be 35/7 - (0 + 3). Suppose -v*l + 7*l - 25 = 0. Calculate the greatest common factor of l and 25.
5
Let j be 27*(2 + -1)*1. Calculate the greatest common factor of j and 3.
3
Let k be (-1 + 1 - 63/18)*-26. What is the greatest common divisor of k and 7?
7
Let w(z) = z**3 + 8*z**2 + 2*z + 2. Let y be w(-7). Let c = y - 22. What is the highest common factor of c and 135?
15
Let l(k) = -k**3 + 8*k**2 + 4*k - 4. Let c be l(6). Suppose -z = 3*x - 4*x - 26, -4*z = 2*x - c. Calculate the highest common divisor of z and 3.
3
Suppose 84 = 6*v + 24. Let g(k) = k**2 - 5*k - 1. Let w be 5/((-25)/(-6))*5. Let u be g(w). Calculate the highest common divisor of v and u.
5
Suppose 2 + 7 = j. Let g = j - 5. Suppose -2*b + g*b - 16 = 0. Calculate the highest common factor of b and 20.
4
Let m = -11 - -16. Suppose 2*g = m - 15. Let n be (g/(-2) - 3)*-4. What is the highest common divisor of 14 and n?
2
Let f be (15/4 + -4)*(-2 - 2). What is the greatest common divisor of 4 and f?
1
Su